-l + 0 = -4. Let z(p) = -p**2 + 4*p - 6. Let h(q) = 5*q**2 - 19*q + 30. Let b(m) = 2*h(m) + 11*z(m). Determine b(l).
2
Let u = -5 - 1. Let n(t) = t - 6. Let y(f) = f - 7. Let o(c) = -7*n(c) + 6*y(c). What is o(u)?
6
Let l be 1/4 - (-22)/8. Let b(r) = -l*r + 23 - 23 - 3*r**2. Determine b(-2).
-6
Let w be 6/(-21) + (-27)/(-21). Suppose -3 - w = -o. Let x(r) = -r**2 + 4*r - 4. Determine x(o).
-4
Let j = -1 - -3. Let v(n) = 7 - 2*n**2 - 8 + n + n**j. Determine v(0).
-1
Let i(d) be the first derivative of d**3/3 + d**2/2 - 12*d + 18. Calculate i(0).
-12
Let h = 0 + -6. Let b = 11 + h. Let q(t) = t**3 - 4*t**2 - 4*t - 4. Give q(b).
1
Let u(l) = 3*l - 1. Let z(x) = x**2 - 1. Let t(r) = -2*r**3 + 4*r**2 - 4. Let q(j) = -t(j) + 5*z(j). Suppose -2*m - 1 = 1. Let w be q(m). What is u(w)?
-7
Suppose -11*c = -9*c + 12. Let x = c - -10. Let f(s) = s**3 - 3*s**2 - 4*s + 5. What is f(x)?
5
Let r(c) be the first derivative of -2*c**3/3 + 5*c**2/2 - 3*c + 14. Give r(3).
-6
Let o(b) be the third derivative of -b**8/6720 - b**7/840 + b**6/360 - b**5/120 - b**4/12 + 5*b**2. Let p(l) be the second derivative of o(l). Calculate p(-4).
7
Let d(s) = s**3 - 8*s**2 - 4. Suppose 5*l = 2*l + 24. Let a be d(l). Let j(u) = -u**3 - 5*u**2 - 3*u + 4. Calculate j(a).
0
Let w(l) be the third derivative of l**8/20160 + l**7/1260 - l**6/180 - l**5/60 + 4*l**2. Let y(p) be the third derivative of w(p). Give y(-4).
-4
Let j(x) = 3 + 3*x - 1 - 5*x. Give j(-2).
6
Suppose 4*s - 3*d = 1 - 3, -s = -d + 1. Let c(h) be the second derivative of h**5/20 + h**4/12 - h**3/6 - 2*h. Determine c(s).
1
Let x = -46 - -45. Let l(b) = 10*b**3 - 6*b**2 - 5*b + 4. Let f(g) = 7*g**2 - 2*g**2 + 4*g - 3 - 14*g**3 + 4*g**3. Let d(o) = 4*f(o) + 3*l(o). Calculate d(x).
11
Suppose -5 = t + q - 3, 3*t = 4*q + 8. Let p(f) = f**2 - f + 10. Give p(t).
10
Let c(h) be the second derivative of -3*h**5/5 + h**4/6 - h**2/2 + 9*h. What is c(-1)?
13
Let w(t) = t**3 - 2*t**2 - 4*t + 3. Let p(u) = -u + 8. Let o be p(5). Suppose -2*i - 3 = -o*i. Calculate w(i).
0
Let z(w) = -7*w**3 - 11*w**2 + 2*w - 2. Let m(t) = 6*t**3 + 10*t**2 - t + 2. Let p(r) = 6*m(r) + 5*z(r). Suppose 0 = -4*g + 2*g - 6. Calculate p(g).
8
Let q(d) = d + 8. Let u be q(-7). Let v be -92*u/(-1 - 1). Let j(x) = -44*x**2 + v*x**2 + 2 - 4. Determine j(-2).
6
Let h = 3 + -3. Suppose h*d = 3*d - 12. Let m(b) = 4*b**3 - d - b**2 - 6*b**3 + b**3 + 3*b - 3*b**2. Calculate m(-5).
6
Let t(x) = 3*x. Suppose 29 = 7*v + 15. What is t(v)?
6
Let o be (-50)/15*(-6)/4. Let j(u) = -2*u - 3. Let r(k) = 3*k + 6. Let c(a) = -11*j(a) - 6*r(a). Determine c(o).
17
Let j(s) = -s**3 + s**2. Let r(b) = -5*b**3 - 2*b**2 - b - 3. Let q(u) = -4*j(u) + r(u). Suppose -l + 2*k - 7 - 3 = 0, 22 = -4*l - k. Calculate q(l).
3
Let g(x) = -2*x - 2. Let z(c) = c**2 - 7*c + 8. Let t be z(6). Suppose 4*r - 98 = -t*d, r - 18 - 9 = 2*d. Let p be 5/r - (-21)/(-5). Calculate g(p).
6
Let f(i) = i**2 + 5*i - 10. Let g be f(-6). Let c(q) = q**3 + 3*q**2 - 4*q - 4. Calculate c(g).
-4
Let t(u) be the third derivative of 0*u - 1/8*u**4 - 1/6*u**3 + 1/60*u**5 + 0 - 3*u**2. Calculate t(-2).
9
Let n(s) = s**3 + 6*s**2 + 3*s + 3. Let h = 52 - 56. Give n(h).
23
Let a(b) = -b**2 - b + 1. Let h(y) = -2*y + 1. Let g be h(-3). Suppose 5*q = -g + 22. Suppose -2*i = -4, -q*i + 14 - 3 = 5*c. Give a(c).
-1
Let r(x) = 3*x - 10. Let k(n) = -n + 1. Let p(d) = -2*k(d) - r(d). Give p(6).
2
Suppose 2*a + 16 - 6 = 0. Let m(q) = -q**2 - 4*q + 5. Determine m(a).
0
Let q(x) = x**2 - 7*x + 6. Let f(u) = -u**3 - 5*u**2 + 6*u + 4. Let w be f(-6). What is q(w)?
-6
Let u = 11 - 9. Let o(q) = q + 4 - 2*q + q - q**2 - u*q. Let d be 2/(-4) - (-7)/(-2). What is o(d)?
-4
Let i(t) = -t + 1 - t**2 + 5*t - 7*t - 2*t. Let c(a) = -3*a - 5. Let s be c(-4). Suppose -s*x - 20 = -3*x. Determine i(x).
1
Let y be (-16)/4 + 8 + -5. Let l(k) = k + 1. Let s(a) = a**2 - 3*a - 3. Let d(f) = -2*l(f) - s(f). Calculate d(y).
-1
Let v be 55/15 - (-2)/(-3). Let o(w) = 5*w - 4. Calculate o(v).
11
Suppose -5*t = c - 18, 2*c + 9*t = 11*t - 12. Let x(r) = -r**3 - 3*r**2 + 2*r + 2. Give x(c).
-6
Let p(o) = -o**2 - 8*o - 5. Let w = 6 - 17. Let z = 5 + w. What is p(z)?
7
Let x(c) be the second derivative of c**4/12 - c**3/3 - 3*c**2/2 - 9*c. Give x(6).
21
Let f(s) = -s**3 - 5*s**2 - 2*s. Let z(h) = -h**3 - 5*h**2 - 3*h. Let b(v) = 5*f(v) - 4*z(v). Let i(x) = -x**2 + 3*x + 5. Let l be i(5). Calculate b(l).
-10
Let b be 2 + 0 - (4 - 2). Suppose b*n - n = 2. Let d = 7 + n. Let g(x) = x - 8. Give g(d).
-3
Let n = -1 - -4. Let t be 10/(-3) + n/9. Let y(f) = 4*f**2 + 3*f - 6. Let i(a) = -a**2 - a + 1. Let s(g) = 5*i(g) + y(g). Give s(t).
-4
Let b(n) be the second derivative of -4*n**2 - 1/3*n**3 - 3*n + 0. Calculate b(-6).
4
Let y be -14 + -2 + 5/1. Let g be -3 - (y + 0 + 3). Let i(d) be the first derivative of -d**3/3 + 2*d**2 - 3*d - 2. Calculate i(g).
-8
Let c(d) be the second derivative of d**7/1260 + d**6/360 - d**5/120 + d**4/12 - 2*d. Let x(r) be the third derivative of c(r). What is x(1)?
3
Let k(w) = -w**3 + 6*w**2 + 2*w - 4. Let q(a) = 2*a**3 - 12*a**2 - 3*a + 7. Let o(r) = -11*k(r) - 6*q(r). Let g be (-265)/(-55) + (-2)/(-11). Determine o(g).
7
Suppose 6 = 2*j - 0*j. Let w(q) = 2*q - 7*q - j + 0*q - 5*q**2 + 4*q**2. Determine w(-5).
-3
Let g(j) = j**2 + j + 4. Let r(l) = -l**3 + 8*l**2 - 8*l + 7. Let w be 7 - (1 - 3/3). Let q be r(w). Let y be g(q). Let t(f) = -f**2 + 3*f + 4. Determine t(y).
0
Suppose -4*c = 4*l + 28, -2*c - 18 = -2*l + 5*l. Let z = 6 + l. Let m be (-1)/6*z*-3. Let t(x) = 4*x**3 - x + 1. Give t(m).
4
Let x = 2 + 3. Suppose 11 + 34 = -x*t. Let v = t - -14. Let u(r) = -r**3 + 4*r**2 + 3*r + 2. Calculate u(v).
-8
Let n(k) = -k**2 + 2*k - 1. Let a be 0*(-3)/(0 + 3). Let g be 8*1 + a - -1. Suppose -4*z + g*z - 2*y - 1 = 0, 9 = 5*z + 2*y. Give n(z).
0
Let d(h) = h**2 - h - 1. Suppose 0 = t - 0*g - 2*g + 7, 5*t - g = 10. What is d(t)?
5
Let c(s) = s**2 - s. Suppose -10 = 2*h - 4*k, -4*h + 0*k + 20 = 2*k. What is c(h)?
6
Let r(j) = -j**3 + 6*j**2 - j - 3. Suppose -8*o + 5 = -7*o. Determine r(o).
17
Let n(v) = -v**2 + 7*v - 6. Let d = -10 - -15. Let c = 21 - d. Suppose 2*x - c = -2*x. What is n(x)?
6
Let l(z) be the first derivative of z**4/4 + z**3 - 3*z**2/2 - 10. Suppose -8 = r - 5*r. Let c be (0 - 1) + r + -5. Calculate l(c).
-4
Let q = -6 + 2. Let l(t) be the third derivative of t**5/60 + t**4/6 + 2*t**3/3 - 5*t**2. Give l(q).
4
Let y(x) = -x**3 + 4*x**2 + 7*x. Let h be (-1 - -3)*(4 - 2). Suppose 3 = c - 1, -5*c + 8 = -h*m. Let f be (m/(-1))/(3/(-5)). Give y(f).
10
Let b(t) be the second derivative of t**3/6 - 37*t. Give b(6).
6
Let w = -13 - -15. Let l(i) = -i**2 + 2 - i - 2*i + 0*i**w + 7*i. Give l(6).
-10
Let t(w) = -24*w**2 - 1 + 6 - w + 25*w**2. Give t(0).
5
Suppose 1 = -4*d + 13. Suppose x + d*x = 8. Let c(k) = 0*k**x + 4*k + 3 - 4 - k**2. What is c(3)?
2
Let i(h) = 4*h - 1. Let a(z) = 3*z - 2. Let n(j) = -2*a(j) + 3*i(j). Let l = 15 - 6. Let t = 8 - l. Give n(t).
-5
Let v = 1 - 5. Let h(w) = w**3 + 3*w**2 + 5*w - 1. Suppose 2*o + 2*o + 8 = 0. Let f(i) = 3*i**3 + 8*i**2 + 15*i - 4. Let l(j) = o*f(j) + 7*h(j). What is l(v)?
-3
Let z(y) be the first derivative of y**2/2 + y - 8. Let i be (0 - 0) + (0 - 1). Determine z(i).
0
Let n(t) = -t + 1. Let w(g) = -5*g + 7. Let f(s) = -6*n(s) + w(s). Suppose -4*c + 6 = -5*c. What is f(c)?
-5
Let i(a) be the first derivative of -1/2*a**2 - 2 + 0*a + 1/3*a**3 + 3/4*a**4. Calculate i(1).
3
Let p = 131 - 125. Let g(v) = -v**3 + 5*v**2 + 7*v + 3. Calculate g(p).
9
Let n(t) = -2*t - 3. Let j be (2/(-5))/((-2)/10). Suppose m = j*m - 10. Suppose 3*y + m = -2*y. Determine n(y).
1
Let t be -1*11*(1 + -2). Let z(n) = -2*n - 6. Suppose 2*u - 3 = 5. Let s(a) = 5*a + 17. Let o(j) = t*z(j) + u*s(j). What is o(3)?
-4
Let d(j) = -5*j - 4. Let y(x) = x**3 - 7*x**2 + 5*x + 2. Let o be y(6). Let w(z) = -6*z - 4. Let f(r) = o*d(r) + 3*w(r). What is f(-4)?
-4
Let f(j) = j**2 - 2 + 0 + 3*j + 0*j. Suppose 27 = -5*t - 28. Let w be (t - 1)/(-3)*-1. Give f(w).
2
Let z be (2/(-4))/(2/(-12)). Let s(v) = -2*v**2 + 2 - 2*v**2 - v**z + 6*v - v**2. Let o be -3 + (-6)/(3 - (-2 - -3)). What is s(o)?
2
Let y(c) = -c**2 + 6*c + 2. Suppose -4*z + 0*z + 24 = 0. Calculate y(z).
2
Let g(u) be the first derivative of u**2/2 + 2*u - 74. C